{"id":7466,"date":"2018-10-30T12:20:16","date_gmt":"2018-10-30T10:20:16","guid":{"rendered":"http:\/\/www.rkropisto.fi\/?p=7466"},"modified":"2022-01-04T20:55:54","modified_gmt":"2022-01-04T18:55:54","slug":"perinteinen-musiikkikahvila-avautuu-jalleen","status":"publish","type":"uutiset","link":"https:\/\/www.rkropisto.fi\/en\/uutiset\/perinteinen-musiikkikahvila-avautuu-jalleen\/","title":{"rendered":"Perinteinen musiikkikahvila avautuu j\u00e4lleen!"},"content":{"rendered":"<p><img loading=\"lazy\" decoding=\"async\" class=\"alignnone size-large wp-image-7470\" src=\"http:\/\/rkropisto.fi.upcloud.rkropisto.fi\/wp-content\/uploads\/2022\/01\/Musiikkikahvilan-mainos-2018-445x630.jpg\" alt=\"\" width=\"445\" height=\"630\" \/><\/p>\n<p>Tervetuloa musiikkikahvilaan sunnuntaina 2.12.2018. Kerro ilmoittautumisen yhteydess\u00e4 <strong>kumpaan kattaukseen ilmoittaudut, tulijam\u00e4\u00e4r\u00e4 ja mahdollinen erityisruokavalio<\/strong>.<\/p>\n","protected":false},"excerpt":{"rendered":"<p>Tervetuloa musiikkikahvilaan sunnuntaina 2.12.2018. Kerro ilmoittautumisen yhteydess\u00e4 kumpaan kattaukseen ilmoittaudut, tulijam\u00e4\u00e4r\u00e4 ja mahdollinen erityisruokavalio.<\/p>\n","protected":false},"featured_media":10339,"template":"","class_list":["post-7466","uutiset","type-uutiset","status-publish","has-post-thumbnail","hentry"],"_links":{"self":[{"href":"https:\/\/www.rkropisto.fi\/en\/wp-json\/wp\/v2\/uutiset\/7466","targetHints":{"allow":["GET"]}}],"collection":[{"href":"https:\/\/www.rkropisto.fi\/en\/wp-json\/wp\/v2\/uutiset"}],"about":[{"href":"https:\/\/www.rkropisto.fi\/en\/wp-json\/wp\/v2\/types\/uutiset"}],"wp:featuredmedia":[{"embeddable":true,"href":"https:\/\/www.rkropisto.fi\/en\/wp-json\/wp\/v2\/media\/10339"}],"wp:attachment":[{"href":"https:\/\/www.rkropisto.fi\/en\/wp-json\/wp\/v2\/media?parent=7466"}],"curies":[{"name":"wp","href":"https:\/\/api.w.org\/{rel}","templated":true}]}}

Perinteinen musiikkikahvila avautuu jälleen!

<p><img loading="lazy" decoding="async" class="alignnone size-large wp-image-7470" src="http://rkropisto.fi.upcloud.rkropisto.fi/wp-content/uploads/2022/01/Musiikkikahvilan-mainos-2018-445x630.jpg" alt="" width="445" height="630" /></p>
<p>Tervetuloa musiikkikahvilaan sunnuntaina 2.12.2018. Kerro ilmoittautumisen yhteydessä <strong>kumpaan kattaukseen ilmoittaudut, tulijamäärä ja mahdollinen erityisruokavalio</strong>.</p>

<p>Tervetuloa musiikkikahvilaan sunnuntaina 2.12.2018. Kerro ilmoittautumisen yhteydessä kumpaan kattaukseen ilmoittaudut, tulijamäärä ja mahdollinen erityisruokavalio.</p>
