{"id":4551,"date":"2015-01-09T17:26:28","date_gmt":"2015-01-09T15:26:28","guid":{"rendered":"http:\/\/www.rkropisto.fi\/?p=4551"},"modified":"2022-01-04T20:55:41","modified_gmt":"2022-01-04T18:55:41","slug":"paivamusiikki-ja-savelhartaus-oulun-tuomiokirkossa-11-1","status":"publish","type":"uutiset","link":"https:\/\/www.rkropisto.fi\/en\/uutiset\/paivamusiikki-ja-savelhartaus-oulun-tuomiokirkossa-11-1\/","title":{"rendered":"P\u00e4iv\u00e4musiikki ja s\u00e4velhartaus Oulun tuomiokirkossa 11.1."},"content":{"rendered":"<p><img loading=\"lazy\" decoding=\"async\" src=\"http:\/\/rkropisto.fi\/wp-content\/uploads\/2015\/01\/image-310x207.jpg\" alt=\"image\" width=\"310\" height=\"207\" class=\"alignleft size-medium wp-image-4552\" \/>Olet tervetullut Reisj\u00e4rven kristillisen opiston p\u00e4iv\u00e4musiikkiin ja s\u00e4velhartauteen Oulun tuomiokirkkoon 11.1.2015 klo 13. Kuulemme kuorojen lauluja ja runoja aiheesta &#8221;Aututaita ovat rauhantekij\u00e4t&#8221;. Kutsu yst\u00e4v\u00e4sikin mukaan!<\/p>\n","protected":false},"excerpt":{"rendered":"<p>Olet tervetullut Reisj\u00e4rven kristillisen opiston p\u00e4iv\u00e4musiikkiin ja s\u00e4velhartauteen Oulun tuomiokirkkoon 11.1.2015 klo 13. Kuulemme kuorojen lauluja ja runoja aiheesta &#8221;Aututaita ovat rauhantekij\u00e4t&#8221;. Kutsu yst\u00e4v\u00e4sikin mukaan!<\/p>\n","protected":false},"featured_media":0,"template":"","class_list":["post-4551","uutiset","type-uutiset","status-publish","hentry"],"_links":{"self":[{"href":"https:\/\/www.rkropisto.fi\/en\/wp-json\/wp\/v2\/uutiset\/4551","targetHints":{"allow":["GET"]}}],"collection":[{"href":"https:\/\/www.rkropisto.fi\/en\/wp-json\/wp\/v2\/uutiset"}],"about":[{"href":"https:\/\/www.rkropisto.fi\/en\/wp-json\/wp\/v2\/types\/uutiset"}],"wp:attachment":[{"href":"https:\/\/www.rkropisto.fi\/en\/wp-json\/wp\/v2\/media?parent=4551"}],"curies":[{"name":"wp","href":"https:\/\/api.w.org\/{rel}","templated":true}]}}

Päivämusiikki ja sävelhartaus Oulun tuomiokirkossa 11.1.

<p><img loading="lazy" decoding="async" src="http://rkropisto.fi/wp-content/uploads/2015/01/image-310x207.jpg" alt="image" width="310" height="207" class="alignleft size-medium wp-image-4552" />Olet tervetullut Reisjärven kristillisen opiston päivämusiikkiin ja sävelhartauteen Oulun tuomiokirkkoon 11.1.2015 klo 13. Kuulemme kuorojen lauluja ja runoja aiheesta &#8221;Aututaita ovat rauhantekijät&#8221;. Kutsu ystäväsikin mukaan!</p>

<p>Olet tervetullut Reisjärven kristillisen opiston päivämusiikkiin ja sävelhartauteen Oulun tuomiokirkkoon 11.1.2015 klo 13. Kuulemme kuorojen lauluja ja runoja aiheesta &#8221;Aututaita ovat rauhantekijät&#8221;. Kutsu ystäväsikin mukaan!</p>
