{"id":12913,"date":"2025-03-15T15:26:29","date_gmt":"2025-03-15T13:26:29","guid":{"rendered":"https:\/\/www.rkropisto.fi\/?post_type=uutiset&#038;p=12913"},"modified":"2025-03-15T15:28:17","modified_gmt":"2025-03-15T13:28:17","slug":"kevatpaiva-reisjarven-opistolla-29-3-2025-klo-18-23","status":"publish","type":"uutiset","link":"https:\/\/www.rkropisto.fi\/en\/uutiset\/kevatpaiva-reisjarven-opistolla-29-3-2025-klo-18-23\/","title":{"rendered":"Kev\u00e4tp\u00e4iv\u00e4 Reisj\u00e4rven opistolla 29.3.2025 klo 18\u201323"},"content":{"rendered":"\n<p><br>Ohjelmassa mm. keskustelua, alustus, ruokailua, kavereita, hengailua nuotiolla, laulua pianon \u00e4\u00e4ress\u00e4 ulkona ja lauluilta!<br>Tapahtuma on tarkoitettu yli 16-vuotiaille.<\/p>\n\n\n\n<p>klo 18\u201320 alustus ja keskustelu: Nuoret Jumalan valtakunnan ty\u00f6ss\u00e4, Marko Niskanen<br>klo 18\u201322.30 kahvila, pizzaa ja kioski<br>klo 21 lauluja kokolla pianon s\u00e4estyksell\u00e4<br>klo 21:30\u201322.30 iltalaulut ja iltahartaus<br>klo 23 tapahtuma p\u00e4\u00e4ttyy<\/p>\n","protected":false},"excerpt":{"rendered":"<p>Ohjelmassa mm. keskustelua, alustus, ruokailua, kavereita, hengailua nuotiolla, laulua pianon \u00e4\u00e4ress\u00e4 ulkona ja lauluilta!<br \/>\nTapahtuma on tarkoitettu yli 16-vuotiaille.<\/p>\n","protected":false},"featured_media":12914,"template":"","class_list":["post-12913","uutiset","type-uutiset","status-publish","has-post-thumbnail","hentry"],"_links":{"self":[{"href":"https:\/\/www.rkropisto.fi\/en\/wp-json\/wp\/v2\/uutiset\/12913","targetHints":{"allow":["GET"]}}],"collection":[{"href":"https:\/\/www.rkropisto.fi\/en\/wp-json\/wp\/v2\/uutiset"}],"about":[{"href":"https:\/\/www.rkropisto.fi\/en\/wp-json\/wp\/v2\/types\/uutiset"}],"wp:featuredmedia":[{"embeddable":true,"href":"https:\/\/www.rkropisto.fi\/en\/wp-json\/wp\/v2\/media\/12914"}],"wp:attachment":[{"href":"https:\/\/www.rkropisto.fi\/en\/wp-json\/wp\/v2\/media?parent=12913"}],"curies":[{"name":"wp","href":"https:\/\/api.w.org\/{rel}","templated":true}]}}

Kevätpäivä Reisjärven opistolla 29.3.2025 klo 18–23

<p><br>Ohjelmassa mm. keskustelua, alustus, ruokailua, kavereita, hengailua nuotiolla, laulua pianon ääressä ulkona ja lauluilta!<br>Tapahtuma on tarkoitettu yli 16-vuotiaille.</p>



<p>klo 18–20 alustus ja keskustelu: Nuoret Jumalan valtakunnan työssä, Marko Niskanen<br>klo 18–22.30 kahvila, pizzaa ja kioski<br>klo 21 lauluja kokolla pianon säestyksellä<br>klo 21:30–22.30 iltalaulut ja iltahartaus<br>klo 23 tapahtuma päättyy</p>

<p>Ohjelmassa mm. keskustelua, alustus, ruokailua, kavereita, hengailua nuotiolla, laulua pianon ääressä ulkona ja lauluilta!<br />
Tapahtuma on tarkoitettu yli 16-vuotiaille.</p>
